n factor of 175 and 345604.
7
What is the highest common divisor of 885338538 and 252?
42
Calculate the greatest common factor of 23868 and 19.
1
What is the greatest common divisor of 186552186 and 1972?
986
What is the greatest common factor of 43218 and 366912?
882
Calculate the greatest common divisor of 456 and 60810032.
152
Calculate the highest common factor of 198 and 1895872.
22
Calculate the greatest common factor of 3999000 and 2000.
1000
What is the highest common factor of 11209536 and 1352?
104
Calculate the highest common factor of 69 and 240221545.
23
Calculate the greatest common divisor of 1140 and 8253220.
380
Calculate the greatest common factor of 5414598 and 22638.
2058
What is the greatest common divisor of 1738 and 4374194?
22
What is the greatest common factor of 2570 and 625630?
10
Calculate the highest common factor of 896740 and 1820.
260
Calculate the greatest common factor of 2575155 and 55.
55
What is the highest common divisor of 10642 and 2666858?
34
What is the greatest common divisor of 4741589 and 85?
17
Calculate the greatest common factor of 133223886 and 54.
54
What is the highest common divisor of 262606473 and 15471?
1719
Calculate the greatest common factor of 45744364 and 28384.
3548
What is the highest common divisor of 1509390 and 112716?
558
Calculate the highest common divisor of 15886849 and 682.
341
What is the highest common factor of 54756 and 335127?
507
What is the greatest common divisor of 385 and 332871?
77
Calculate the greatest common factor of 207 and 1889979.
69
What is the greatest common factor of 217 and 1416793?
217
What is the greatest common divisor of 510 and 17909550?
30
Calculate the greatest common factor of 528 and 1518352.
176
What is the greatest common divisor of 4286861 and 4033?
109
What is the greatest common divisor of 384 and 273996?
12
What is the highest common divisor of 1116 and 1582461?
9
What is the greatest common factor of 982418268 and 4524?
4524
What is the highest common factor of 2864 and 1507001?
179
What is the highest common divisor of 1083030 and 90?
30
What is the greatest common factor of 79544 and 249856?
488
Calculate the greatest common divisor of 3953500 and 5500.
500
What is the greatest common divisor of 168 and 62713644?
84
Calculate the highest common factor of 35756188 and 260.
52
What is the greatest common factor of 136 and 30363224?
136
What is the greatest common factor of 740743988 and 5484?
1828
Calculate the greatest common factor of 239 and 92051.
1
Calculate the greatest common divisor of 3448421 and 1017.
113
What is the highest common divisor of 4389 and 7353456?
627
What is the highest common divisor of 6106 and 1778834?
142
Calculate the greatest common factor of 831130 and 15.
5
What is the highest common factor of 951499 and 340158?
89
Calculate the greatest common divisor of 3025 and 826320.
55
Calculate the greatest common factor of 7064260 and 56.
28
What is the highest common factor of 6494 and 66300?
34
Calculate the greatest common divisor of 2895 and 313457090.
965
Calculate the greatest common factor of 73 and 114764030.
73
Calculate the highest common divisor of 1086003 and 13266.
603
Calculate the greatest common factor of 850773 and 5915217.
6699
Calculate the greatest common factor of 10978570 and 20090.
410
Calculate the highest common divisor of 74152 and 6164.
92
Calculate the greatest common factor of 11508 and 114303.
21
Calculate the highest common divisor of 504244 and 13837619.
9697
Calculate the greatest common divisor of 8986302 and 1296.
162
What is the highest common divisor of 50414 and 49?
7
What is the greatest common divisor of 32 and 7154744?
8
What is the highest common divisor of 159 and 218270589?
159
What is the greatest common divisor of 84390276 and 5436?
1812
Calculate the highest common divisor of 21939854 and 772.
386
Calculate the highest common divisor of 48808 and 162268297.
6101
What is the highest common factor of 6624876 and 348?
348
What is the highest common divisor of 126638368 and 2208?
736
What is the highest common divisor of 695 and 64305431?
139
What is the highest common factor of 9417828 and 12?
12
Calculate the greatest common divisor of 174 and 324607527.
87
What is the highest common factor of 9 and 3266205?
3
Calculate the greatest common factor of 1227 and 3222876237.
1227
What is the highest common factor of 24823299 and 402?
201
Calculate the greatest common divisor of 6 and 506384.
2
Calculate the greatest common divisor of 18 and 53662032.
18
What is the highest common divisor of 54048 and 1243488?
96
What is the highest common factor of 4600540 and 7?
7
Calculate the highest common divisor of 1544492 and 1313.
101
What is the highest common factor of 280376 and 5998936?
2776
What is the highest common divisor of 13550 and 52807060?
2710
Calculate the highest common factor of 15084 and 70956.
36
What is the greatest common divisor of 1407241515 and 1086?
543
Calculate the greatest common divisor of 11600 and 901610.
290
Calculate the highest common divisor of 3873 and 532053375.
3873
Calculate the highest common factor of 4088 and 7173418.
1022
What is the greatest common factor of 6286668 and 2312?
68
Calculate the highest common divisor of 62744620 and 194990.
5270
What is the highest common divisor of 3040 and 35760660?
380
Calculate the greatest common factor of 204461314 and 118.
118
Calculate the greatest common divisor of 2704 and 4533904.
16
Calculate the highest common divisor of 3948 and 515966.
94
Calculate the greatest common factor of 5475400 and 2800.
1400
Calculate the highest common divisor of 2184401 and 31289.
67
Calculate the greatest common factor of 51156 and 54208.
28
What is the highest common factor of 5114 and 60981893?
2557
Calculate the highest common divisor of 42791430 and 1485.
165
Calculate the highest common divisor of 66284020 and 479.
479
What is the greatest common factor of 222518670 and 330?
330
What is the greatest common factor of 16835 and 4417245?
1295
Calculate the greatest common factor of 49836 and 275676.
12
Calculate the highest common factor of 33334073 and 2.
1
What is the highest common divisor of 4106551 and 2?
1
What is the greatest common divisor of 4 and 16241572?
4
What is the greatest common divisor of 102886 and 322?
14
What is the highest common factor of 322002 and 1175850?
3618
Calculate the greatest common factor of 66475 and 28325.
25
Calculate the highest common factor of 5239 and 240529.
31
Calculate the highest common divisor of 777 and 463344.
21
Calculate the greatest common factor of 831 and 26875371.
831
Calculate the highest common factor of 72709 and 3494309.
4277
What is the greatest common factor of 1635 and 52216014?
327
What is the greatest common divisor of 7528 and 2440024292?
3764
What is the greatest common factor of 1669945821 and 366?
183
Calculate the highest common divisor of 1712841 and 5883.
111
Calculate the highest common divisor of 7263 and 2203379.
269
What is the greatest common factor of 1608072156 and 1566?
1566
Calculate the highest common factor of 18150312 and 17570.
502
What is the highest common divisor of 60476 and 3299431?
1163
Calculate the greatest common factor of 90 and 722130.
30
What is the highest common divisor of 12193596 and 3096?
1548
What is the greatest common divisor of 23 and 5645833?
23
Calculate the greatest common factor of 5 and 5385805.
5
What is the highest common factor of 269645 and 1156357?
271
Calculate the highest common factor of 81092597 and 1378.
53
Calculate the highest common divisor of 16064388 and 12546.
306
What is the highest common divisor of 1176240 and 21840?
3120
What is the highest common factor of 313536 and 2083616?
736
What is the greatest common divisor of 177630895 and 2405?
2405
What is the highest common factor of 84 and 3413886?
42
What is the highest common divisor of 5083175 and 425?
25
Calculate the highest common divisor of 478592410 and 111.
37
Calculate the highest common factor of 69 and 2641297.
23
What is the highest common factor of 2573834 and 2609458?
8906
What is the highest common factor of 89620 and 23628313?
4481
Calculate the highest common divisor of 256 and 12264320.
128
Calculate the highest com